 4*h + 3*x + 6, 6 = 3*h - 3*x. Let l(u) = -5*u**2 + u - 5. Let c be l(h). Let a(d) = -15*d - 11. What are the prime factors of a(c)?
2
Suppose -9*s - 57813 = -0*s - 16*s. List the prime factors of s.
3, 2753
Let f(r) = 2151*r + 350. List the prime factors of f(4).
2, 11, 37
Let y = -11702 - -31316. List the prime factors of y.
2, 3, 7, 467
Let b(j) = 12*j - 48. Let y be b(8). Suppose -2*p = -4*p + y. Let h = 62 + p. What are the prime factors of h?
2, 43
Let r(z) = -31*z + 1182. What are the prime factors of r(-97)?
59, 71
Suppose 5*y + 393 = -5*k - 672, 5*y = -5. Let b be (-188)/235*(4 + 132/(-8)). List the prime factors of (9/(-15))/3 - k/b.
3, 7
Let c be 5*583/33*3. Suppose -3*s + s = 262. Let k = c + s. List the prime factors of k.
2, 67
Let u be (-1)/9 + (-22385)/(-99). Let v = -35 + u. What are the prime factors of v?
191
Let w be -2 - (-1 + (3 - 1)). Let r be -1*0/(4 + (w - 2)). Suppose 11*k - 2024 = -r*k. List the prime factors of k.
2, 23
Let q(d) = d**3 + 2*d**2 + 5*d + 5. Let m be q(-9). Let j = m - -1107. Suppose -i + 125 = 3*k, 4*i - 6*k = -4*k + j. List the prime factors of i.
5
Let k be 44/4*1/2*34. Let x = k + 122. What are the prime factors of x?
3, 103
List the prime factors of (-1)/((-6)/(-8 + 32)) - -8815.
8819
Let a(i) = 3*i - 43. Let j be a(15). Suppose -n + 193 = j*y, y + n = 41 + 56. List the prime factors of y.
2, 3
Let c(d) = -29 - 25*d**2 + 6*d + 11*d**2 + 10*d**2 + 5*d**2. What are the prime factors of c(4)?
11
Suppose 6*j - 41 = -713. Let q = 122 + j. Suppose 3*g + 122 = 5*b + q, 2*b = 3*g + 52. What are the prime factors of b?
2, 5
Let i(h) = 6022*h**3 + 69*h**2 - 148*h + 15. What are the prime factors of i(2)?
3, 16057
Let a be (-1 - 42*-1) + -2. Let q = -104 - a. Let k = -134 - q. List the prime factors of k.
3
Let j be (8415/75)/(1/(-5)). Let z = 425 - j. List the prime factors of z.
2, 17, 29
Let p(w) = 21*w - 142. Let n be p(7). Suppose 2979 = n*d - 221. What are the prime factors of d?
2, 5
Let y be (-26)/(-22) - ((-272)/(-44) + -6). Let a be 142/4 + -1 + y/(-2). Suppose -s + a = -4. What are the prime factors of s?
2, 19
Let p = 85 + -63. Suppose p*v = 25*v - 75. Let l = v - -47. List the prime factors of l.
2, 3
Let q(w) = -32*w - 120. Let d be q(-15). Let o = d - -129. List the prime factors of o.
3, 163
Let t = 20 + -15. Let l be ((-4)/3)/(2/(-6)). Suppose -15 = l*h + 2*p - 387, -t*p = 4*h - 378. List the prime factors of h.
2, 23
Let x = -25992 - -57547. List the prime factors of x.
5, 6311
Let c(o) = -4*o**2 + 536 - 511 + 3*o**2 - 14*o. Suppose -18 - 21 = 3*q. What are the prime factors of c(q)?
2, 19
Let p(h) be the first derivative of 124*h**3 - 3*h**2 + 7*h + 28. List the prime factors of p(1).
373
Let g(d) = d**3 - 70*d**2 - 4*d - 511. What are the prime factors of g(71)?
2, 11, 193
Let h(f) = 19*f**3 + 23*f - 8*f**2 + 4 - 18 - 20*f**3. Let b be h(-10). Let u = 174 + b. What are the prime factors of u?
2, 5, 13
Suppose 4*a = -5*p + 42155, -2*p + 43*a = 45*a - 16864. List the prime factors of p.
3, 53
Suppose 15*y + 773 = 16*y. Let t = -340 + y. List the prime factors of t.
433
Suppose 0 = 5*c + 4*h - 27, -3*h = 2*c + 2*c - 21. List the prime factors of -3*(-2 + 7/c)*-421.
421
Let g(y) = 5346*y + 8518. What are the prime factors of g(7)?
2, 5, 2297
Suppose 3*r - 2*f - 71 = -0*r, 3*r + f - 77 = 0. Suppose 5430 = r*x + 555. What are the prime factors of x?
3, 5, 13
Suppose 47*c + 24*c - 7117968 = -137*c. List the prime factors of c.
3, 11, 17, 61
Let h(t) = -13722*t - 2771. List the prime factors of h(-4).
13, 19, 211
Let r(n) = 134*n**2 + 13*n + 13. Suppose 0 = -q - 2, 3*t - 6*q = -q + 16. Suppose -5*u + h + h - 5 = 0, -t*u - 5*h - 2 = 0. List the prime factors of r(u).
2, 67
Suppose -8*w = -394679 - 257304 + 101207. What are the prime factors of w?
3, 53, 433
Suppose 6*w - w = -5*h + 15, h = -4*w. Let m(j) = -390*j - 4. What are the prime factors of m(w)?
2, 193
Let c(w) = 2*w - 8. Let z be c(-6). Let n = 20 + z. Suppose 0*b = 2*u + 5*b - 61, 5*u + 3*b - 105 = n. List the prime factors of u.
2, 3
Suppose -u + 13197 = -397. What are the prime factors of u?
2, 7, 971
Let w be 104/40 + (-3)/5. Suppose -d + w*i + 3*i + 216 = 0, 2*d - 4*i = 438. List the prime factors of d.
13, 17
Let i(w) = -4*w + 12. Let c be 0/8*(-3)/(-6). Suppose -8*m - 3*m - 55 = c. List the prime factors of i(m).
2
Let r = 11 - 6. Let f = 11 - r. Let z = 0 + f. What are the prime factors of z?
2, 3
Let y(f) = -3*f + 19*f - 1 - 6 + 4*f - 3*f**2. Let h(n) = -8*n + 213. Let k be h(26). List the prime factors of y(k).
2, 3
What are the prime factors of 124/(-186)*-3*6742?
2, 3371
Suppose -21*j - 85190 = -31*j. Suppose -27*w + j + 1201 = 0. List the prime factors of w.
2, 3, 5
Suppose 17*i - 5282 = 19*i - 5*h, -3*i + 2*h - 7945 = 0. Let z = i - -3948. List the prime factors of z.
1297
Let w(q) = 16*q - 7. Let u = 15 - 19. Let x(k) = 15*k - 7. Let z(v) = u*x(v) + 3*w(v). List the prime factors of z(-2).
31
Let c = -249 - -253. List the prime factors of (131/c)/(5/140*7).
131
Suppose -5*z + 5*s + 65030 = 0, 264*z - 261*z + s = 39010. What are the prime factors of z?
2, 3251
Let i(v) = 11*v**2 - 7*v - 6. Let u be i(4). What are the prime factors of u - ((-21)/(-7) - -5)?
2, 67
Let a be (459/(-18))/17 - (-1)/(-2). List the prime factors of 10/30 + a - 1642/(-6).
2, 17
Let g = 331 + -339. What are the prime factors of g/3*4944/(-64)?
2, 103
Let o(q) be the first derivative of 8*q**3/3 + 8*q**2 - 17*q + 29. What are the prime factors of o(-6)?
5, 7
Let u be ((-1)/(-3))/(12/144). Suppose u*l = 2*l. Suppose l = -3*z - 0*z + 135. What are the prime factors of z?
3, 5
Let f = 240 + -240. Suppose -2*v + 2*b + 1136 = 0, -v + 0*b + 2*b + 563 = f. What are the prime factors of v?
3, 191
Let v = 2387 - -8880. What are the prime factors of v?
19, 593
Let q(p) = 30*p**2 + 8*p - 270. What are the prime factors of q(20)?
2, 5, 29, 41
Let c(a) = 8*a**2 - 5*a + 643. List the prime factors of c(23).
2, 5, 7, 17
Let j be (-6906)/(-11) + 8*3/132. Let x = -366 + j. List the prime factors of x.
2, 131
Suppose -235 = 5*t - 4*b + 315, 0 = 4*t + 5*b + 440. Let s = t - -223. List the prime factors of s.
113
Suppose 4 = -4*p - 2*i - 2*i, 0 = -3*i + 9. List the prime factors of (-4)/8 + (-58)/p.
2, 7
Let z = 137529 + -97830. What are the prime factors of z?
3, 11, 401
Suppose 0 = 4*l + 91 - 31. List the prime factors of (605/l)/((-4)/36 - 0).
3, 11
Let s(p) = p**3 - 88*p**2 - 182*p + 110. What are the prime factors of s(96)?
2, 28183
Suppose d - 3*d = -5*x + 86, 0 = d - 5*x + 53. List the prime factors of d*2/(12/(-22)).
11
Let r = 14555 + -14233. List the prime factors of r.
2, 7, 23
List the prime factors of (-8)/4*(-5 + -785).
2, 5, 79
Let s be 3/((3/12)/(35/84)). List the prime factors of -1*s*(-1)/(-5)*-534.
2, 3, 89
Let f(r) = r**2 - 8*r + 1. Let k be f(8). Suppose -2*p + 199 = -k. Let i = -59 + p. What are the prime factors of i?
41
Suppose -66*q + 553028 = -38*q. List the prime factors of q.
19751
Let x = -93 + 68. Let d be ((x/5)/5)/1. What are the prime factors of (5 - 0 - -173)*(2 + d)?
2, 89
List the prime factors of (-21644)/(-42)*(-36)/(-30)*75/6.
2, 5, 773
Let m(v) = 8*v**2 + 5*v + 15. Suppose 0*x = x - 4. Suppose -3*a + 6 = -x*a. List the prime factors of m(a).
3, 7, 13
Let d(o) = 89*o - 217. List the prime factors of d(42).
7, 503
List the prime factors of (-80824)/(-10) + (-51)/15 + 3 + 0.
2, 3, 449
Let g(l) = -2*l - 2. Let z be g(-2). Suppose -z*c + 1523 = -33. List the prime factors of c.
2, 389
Let g(p) = -689*p + 46310. What are the prime factors of g(0)?
2, 5, 11, 421
Let c(g) = g + 21. Let s be c(-18). Suppose -s*h - h = -680. List the prime factors of h.
2, 5, 17
Suppose 19*h = 74*h + 73*h - 6112512. List the prime factors of h.
2, 3, 7, 379
Suppose -19*z - 40613 = -21*z - 3*t, -18*z + 365495 = 5*t. List the prime factors of z.
5, 31, 131
Suppose -5*g + 120 = -5*n, -n = -2 - 0. Suppose -g*h = -30*h + 744. List the prime factors of h.
2, 3, 31
Suppose 4*q - v - 20 = 0, 0*q - 4*v - 36 = -5*q. Let h be q*(-19)/(-8) - (-2)/4. List the prime factors of (434/35)/(2/h).
2, 31
Let o(a) = a**2 + 5*a - 4. Let d be o(-6). Suppose 4*w = 5*k - d - 2, -3*k = w - 16. Suppose -8*v + w*v + 68 = 0. List the prime factors of v.
17
Let k(h) = 3*h**2 - 28*h -